 + (-4)/(-26). Let v = 239 + -106. Calculate the highest common factor of t and v.
19
Let g = 1965 - 1866. What is the highest common divisor of g and 121?
11
Suppose -347*k + 570 = -328*k. Calculate the highest common factor of 735 and k.
15
Suppose -2*i + 54 = -0*i + 4*i. Let r(c) = 82*c**2 - c. Let w be r(1). Calculate the highest common factor of i and w.
9
Let g = -83 + 86. Suppose 0 = -l + 5*o + 32, 125 = 3*l - g*o + 5. What is the highest common divisor of 14 and l?
14
Let d = 416 + -401. What is the highest common factor of 135 and d?
15
Suppose -33 = -r - 8. Let z be -56*(2 - r/10). Suppose 3*v = -y + 19, 2*y = -2*y - 4*v + 44. Calculate the highest common factor of y and z.
7
Suppose -13368 = -32*c + 33800. Calculate the highest common factor of 22 and c.
22
Let l = -2053 + 2095. Calculate the greatest common factor of l and 1414.
14
Suppose s - 86 = -2*x, 3*s = -5*x + 137 + 79. What is the highest common factor of 378 and x?
42
Let y(j) = 0 + 7*j**3 - 1 + 2*j**2 - 22*j**3 - 24*j**3. Let a be y(-1). Let s = -7 + a. Calculate the highest common divisor of s and 11.
11
Let t(s) = 2*s**2 - s + 59. Let k be t(7). Suppose 4*c - 24 = -2*x, c = -4*c + 4*x + 4. Suppose -j + k = c*j. What is the greatest common divisor of j and 30?
30
Let q = -70 + 92. Suppose l = 2, 2*w + 4*l = -3*w + 8. Suppose w*d = 5*d - 275. What is the highest common divisor of q and d?
11
Suppose 0 = 2*b - 5*z - 180, -4*b - b + 2*z = -408. What is the greatest common factor of 32 and b?
16
Suppose -x = 5*i - 153, -2*x + 2*i + 425 = x. Calculate the highest common factor of 26 and x.
13
Let z be (-12)/(-5) + (-48)/(-80). Suppose -s - z*s = 16. Let u be (-8 - -7) + s/(-2). What is the greatest common factor of 5 and u?
1
Suppose -6 = -6*w + 3*w. Suppose w*j + 0*j - 48 = 0. What is the greatest common divisor of j and 6?
6
Suppose 2*d + 7 = 43. Let y be (17 + -2)*((-6)/(-5))/2. What is the highest common factor of y and d?
9
Let w(a) = -a**2 + 8*a - 2. Let d be w(6). Suppose 3*h + h = g - 104, g + 4*h - 96 = 0. Calculate the highest common divisor of g and d.
10
Suppose 3*p - 81 + 923 = 4*a, 0 = 4*a - p - 846. Calculate the highest common factor of 53 and a.
53
Suppose 24 = -4*g + o + 598, -5*o = 10. What is the greatest common divisor of g and 11?
11
Let k = -1 + 65. What is the greatest common divisor of 24 and k?
8
Let w = 48 - 27. Let l = 112 + w. What is the highest common divisor of l and 19?
19
Let t = -9 - 71. Let i = t + 130. Let d be (-150)/4*(-21)/(441/70). Calculate the highest common factor of d and i.
25
Let d be ((-222)/(-24) - 7)/((-3)/(-204)). Calculate the highest common factor of d and 51.
51
Let u = 182 - 122. Calculate the greatest common factor of 310 and u.
10
Let l be (-48)/10*(-7420)/159. Calculate the greatest common factor of 48 and l.
16
Let v(p) = 2*p + 18. Let n be v(-12). Let t(i) = -i**3 - 6*i**2 - 2*i + 2. Let m be t(n). Let g be 727/9 + m/63. What is the highest common divisor of 9 and g?
9
Suppose u - 2 + 0 = 0. Suppose -u*a = -3 - 1. What is the highest common divisor of a and 2?
2
Suppose 0 = 5*i - 5*q - 35, 10 = q + q. Let s = -67 + 70. Suppose s*t - 104 = -z + 43, -5*t + 252 = 4*z. What is the greatest common divisor of t and i?
12
Let k be (6/10)/((-1)/5). Let q be (29/2)/(k/(-42)). What is the greatest common factor of 29 and q?
29
Let g = -4 - -6. Suppose -4*b - 6 = -v - 24, -5*v - 10 = 0. Suppose -m + g*i = 3*m - 70, b*m = 3*i + 73. Calculate the highest common factor of 16 and m.
16
Let d = 434 - 364. Calculate the highest common factor of d and 4.
2
Let p = -44 - -164. Calculate the highest common divisor of p and 15.
15
Suppose 8*x = 909 - 213. Let c = -77 + x. What is the greatest common divisor of c and 15?
5
Let l = 14 - 35. Let r be (-1771)/l - 2/6. What is the highest common divisor of 28 and r?
28
Let v(f) = -f**2 - 18*f - 41. Let p be v(-11). Let b be (-1)/(((-4)/58)/(-2)). Let y be 2/(-3) + b/(-3). What is the highest common divisor of p and y?
9
Suppose 3*f + 4*v - 95 = 205, -4*f - 4*v + 404 = 0. Let k(g) = -g**3 - 5*g**2 + 5*g + 38. Let q be k(-5). What is the greatest common factor of q and f?
13
Let m(f) = 21*f - 3. Let z be m(3). Let b = 12406 - 12370. What is the greatest common divisor of z and b?
12
Suppose 3*d - 11 = c - 50, 2*d - 128 = -3*c. Let y = c - 41. What is the highest common factor of 8 and y?
1
Let c be 1*4*(-1 - -3). Calculate the highest common divisor of c and 208.
8
Let x = -115 - -122. Suppose 0 = -x*h + h + 84. What is the greatest common divisor of 14 and h?
14
Suppose -5*p + 13 = -4*p - 3*y, -4*p + 45 = -5*y. What is the highest common factor of 195 and p?
5
Let q(w) = -w**3 + 7*w + 7*w**2 - 15*w + 9*w - 3. Let z be q(3). What is the highest common divisor of z and 54?
18
Let q(i) = -i**3 + 3*i**2 + 15*i - 21. Let p be q(5). Suppose -x - z + 12 = 0, -2*x + p*z + 12 = -0. What is the greatest common divisor of 55 and x?
5
Let t(o) = 17*o**2 + 18*o + 37. Let z be t(-5). What is the greatest common divisor of z and 12?
12
Suppose -5*r = -6*r + 5. Let a(p) = -p**2 - 24*p - 104. Let n be a(-17). Calculate the greatest common factor of n and r.
5
Suppose 4*p + 7 = 75. What is the greatest common factor of p and 16?
1
Let g(p) = 4*p + 41. Let v be g(-4). Calculate the highest common factor of 400 and v.
25
Suppose 4*k + 250 = -o, k + 5*o + 64 - 11 = 0. Let c = 75 + k. Calculate the highest common factor of 6 and c.
6
Suppose 3*b - 6*f - 286 = -7*f, -5 = -5*f. What is the highest common factor of 323 and b?
19
Let a = 66 + 259. What is the highest common factor of 200 and a?
25
Let a be (6/4)/(6*1/16). Let d = a + -1. What is the greatest common factor of 6 and d?
3
Let x = -26 - -38. Suppose -2*y + 28 + 37 = -5*m, -4*m = -x. What is the greatest common divisor of y and 16?
8
Let a(g) = -g**2 + g + 1. Let v be a(3). Let i be 18/30 + (-17)/v. Suppose 43 = l + i*l - 4*h, 0 = -4*h + 12. Calculate the highest common divisor of 1 and l.
1
Let j = -81 + 131. Suppose 2*l + k - 5*k = 22, 5*l = 5*k + j. Calculate the highest common divisor of 1 and l.
1
Let f = -31123 - -31160. Suppose 5*n + 4*j - 2027 = 0, 3*n = n - 3*j + 808. What is the highest common factor of n and f?
37
Let o = -205 - -727. Suppose -11*f - o = -13*f. Calculate the greatest common factor of 29 and f.
29
Let r(l) = -l**2 - 10*l + 1. Let w be r(-5). What is the highest common factor of w and 416?
26
Suppose -7*j - s - 390 = -12*j, -4*s + 211 = 3*j. What is the highest common divisor of j and 187?
11
Let x(k) = k**3 - 5*k**2 + k + 2. Let v be x(5). Let y be (104/(-28) - -4)*v. What is the highest common divisor of y and 6?
2
Let m be (0 - 1 - -24) + 2. Let v(j) = 4*j - 5*j + 25 - 26 + 17*j**2. Let o be v(-4). What is the highest common factor of o and m?
25
Let k be 2901/12 + 2/8. Suppose 16*c = 31*c - 330. What is the highest common factor of k and c?
22
Suppose 7*i - 18 = i. Suppose -5*a = 5*l - 95, -3*a + l - 36 + 113 = 0. Calculate the highest common factor of i and a.
3
Let w(m) = m**2 + 3*m + 6. Suppose 0 = 2*i - i + 2. Let a be w(i). Let k be (-26)/(-6) + (-2)/6. Calculate the greatest common factor of a and k.
4
Let l be (-1)/(-11)*2 + 119110/473. Calculate the highest common factor of 28 and l.
28
Let w be 584/14 - (-2)/7. Suppose 2*j + 18 = 4*j. Suppose -3*r + j = -33. What is the greatest common divisor of r and w?
14
Suppose 3*n + 47 = 5*q, 0 = -3*q - n + 2*n + 25. Suppose -239 = -q*d - 36. Let t = d - 3. Calculate the highest common factor of 65 and t.
13
Let r(k) = -52*k - 1387. Let t be r(-28). Calculate the greatest common divisor of t and 2001.
69
Let x be (-528)/18 - (-6)/(-9). Let v be (-12)/x + (-226)/(-10). What is the greatest common divisor of v and 115?
23
Let w(c) = 2*c**2 + 4*c + 3. Let g be w(-2). Suppose -48 = -h - g*h. Let s be 2 + 3 + -7 + 134. What is the highest common divisor of h and s?
12
Suppose -2*a = -2*r, 12 + 4 = -a + 5*r. Let c be (-3)/((-30)/a) + (-68)/(-5). Calculate the greatest common factor of 14 and c.
14
Let r = 283 - 278. What is the highest common factor of r and 15?
5
Let p(a) = 10*a**2 - 37*a - 73. Let y be p(-2). Calculate the highest common factor of 533 and y.
41
Let z(l) = 50*l + 2. Let r(d) = -3*d - 17. Let a be r(-6). Let m be z(a). What is the highest common divisor of 26 and 